ose -7*y + 5276 = -8752. What is the units digit of y?
4
Let s(a) = -4*a**2 + 2*a + 11. Let q be s(7). Let f = -91 - q. What is the units digit of f?
0
What is the units digit of (6*-16)/(84/(-224))?
6
Let j be 4/(-10) - 34/(-10). Let w be ((-9)/(-4))/((-4)/(-32)). Suppose 0*q + j*q = w. What is the units digit of q?
6
Suppose -28*f = -34*f + 22188. What is the units digit of f?
8
Let v be 1 + (8 - 2) + -2. Suppose 3*y = -2*y + v*z + 125, 68 = 3*y + 4*z. What is the units digit of y?
4
Suppose -144*v + 142*v = -528. What is the units digit of v?
4
Suppose 7*v - r - 2276 = 2*v, 3*v + r - 1364 = 0. What is the units digit of v?
5
Let y(u) = 6*u + 26. Let h be y(-4). Suppose h*o - 12*o = -770. What is the units digit of o?
7
Suppose 18 = -2*l - 2*s + s, 0 = -2*l + s - 18. Suppose 2*r - 5*h + 68 = 0, -3*r - 93 + 37 = 4*h. Let p = l - r. What is the units digit of p?
5
Let h = -48 + 23. Suppose 2*y + 3*p - 61 = 0, -5*y + 104 = -2*y + 2*p. Let t = h + y. What is the tens digit of t?
1
Suppose 2*n - 5*c - 210 = 0, -5*n - 6*c + 2*c + 492 = 0. Suppose 0 = -r - 4*u + 60, -3*u - n = -r + u. Suppose 5*g - 20 = r. What is the tens digit of g?
2
Suppose f = -3*b + 391, 4*b - 2*b - 3*f - 268 = 0. What is the tens digit of b?
3
Suppose 1615 = -7*b + 4898. What is the hundreds digit of b?
4
Suppose 2*j + 4*f = 5*f + 491, -3*f - 732 = -3*j. What is the units digit of j?
7
Let n(v) = 71*v**2 + 9*v - 12. What is the hundreds digit of n(3)?
6
Let m = -11 - -4. Let l = m - -9. What is the tens digit of l*1 - (-37 - -5)?
3
What is the tens digit of (((-299)/52)/23)/(2/(-25240))?
5
Let l(b) = b + 1. Let c be l(-5). What is the units digit of ((-12)/(-8))/(c/(-200))?
5
Let a(h) = 26*h**2 + 3*h - 20. What is the tens digit of a(4)?
0
Let s(b) = -2*b**2 + b + 94. Let v be s(0). Let f = v - 56. What is the tens digit of f?
3
Suppose -d + 8 = -236. What is the tens digit of d?
4
What is the hundreds digit of 1749*((-6)/45 - (-51)/45)?
7
Let u(v) = 16*v - 232. What is the hundreds digit of u(48)?
5
Suppose 428 + 1619 = 4*x - p, 2*x - 1023 = p. What is the tens digit of x?
1
Let r(m) = 3*m**2 - 6*m - 6. Let o(l) = l. Let v = 18 + -17. Let a(b) = v*r(b) + 5*o(b). What is the tens digit of a(-3)?
2
Suppose 0 = -2*v + 863 - 159. What is the tens digit of v?
5
Suppose 5*n + x + 0*x - 227 = 0, -3*n = 3*x - 141. Let r = 62 - n. What is the units digit of r?
7
Let m be (-1)/((28/(-8))/7). Suppose -5*s - 6*v + 2*v + 19 = 0, -m*v + 17 = 5*s. Let q = 24 - s. What is the units digit of q?
1
Let v = 4919 - 2924. What is the hundreds digit of v?
9
Suppose 0 = -2*i + 4*i + 98. Let y = 80 + i. What is the units digit of y?
1
Let b(o) = 17*o + 8. Let f be b(12). Let c = f - 136. Let a = c - 45. What is the units digit of a?
1
Let k(c) = -10*c. Let v be k(-1). Suppose -2*s + 4*a = -70 + v, 60 = 2*s + 5*a. What is the tens digit of s?
3
Suppose -21*f = 3044 - 30281. What is the hundreds digit of f?
2
Let g = -172 + 1624. What is the units digit of g?
2
What is the tens digit of -49*(155/(-35) + 1)?
6
Let n = -4 + 14. Let c(o) = -49*o - 2 + 51*o - 1. What is the tens digit of c(n)?
1
Let y(m) = 132*m + 181. What is the tens digit of y(6)?
7
Suppose 0 = -4*m + 3*w + 1226, 11*w - 1515 = -5*m + 6*w. What is the tens digit of m?
0
Let z = 83 - 78. Suppose -930 = -4*o + z*g, 0 = -2*o - g - 3*g + 452. What is the hundreds digit of o?
2
Let j(u) = -129 + u**2 + 42*u**3 + 2*u + 13*u**3 + 126. What is the tens digit of j(1)?
5
Suppose -2*h + 250 = -6. Suppose -h = -11*r + 3*r. What is the tens digit of r?
1
Let i = 1027 + -446. What is the hundreds digit of i?
5
Let w(h) = -14*h + 10. Let z(o) = -o. Let f(s) = -w(s) + 10*z(s). Let p be 8/24 - (-116)/12. What is the tens digit of f(p)?
3
Suppose -r + 27 = -5*h, 5*r - 192 + 78 = 4*h. What is the tens digit of r?
2
Suppose 0 = 4*d - 10*d + 4104. What is the units digit of d?
4
Let g(t) = -t + 10. Let h be g(8). Suppose h*r + v = -42, r = -3*r - 3*v - 80. Let f = -11 - r. What is the tens digit of f?
1
Let y(z) = 27*z - 30. Let t(i) = -26*i + 29. Let v(x) = 6*t(x) + 5*y(x). What is the tens digit of v(-8)?
9
Let k(s) = 48*s**2 - 9*s - 61*s**2 - 8*s - s**3 - 32. What is the hundreds digit of k(-13)?
1
Suppose -30317 = -33*f - 3125. What is the units digit of f?
4
Let j = -282 + 387. What is the hundreds digit of j?
1
Suppose 4*x + 41*m - 3010 = 39*m, 3015 = 4*x + m. What is the tens digit of x?
5
Let n(c) = c + 13. Let y be n(-8). Let p(q) = -2*q + 15. What is the units digit of p(y)?
5
Suppose -15 = -3*f + 3*b, b = -3*f - 2*f + 19. Suppose f*z - 400 - 172 = 0. What is the hundreds digit of z?
1
Suppose 25*q - 22*q = t - 2662, 3*t - 7950 = -3*q. What is the tens digit of t?
5
Suppose 2*f = j + 438, -657 = 3*f - 6*f - 4*j. What is the tens digit of f?
1
Suppose 9*o - 5*o = 172. Let z = 85 - o. What is the units digit of z?
2
Let g = -181 - -185. Let a be (-63)/(-12) - 2/8. Suppose w + 29 = -a*j + 243, -g*j - 3*w = -180. What is the tens digit of j?
4
Let f(t) = t**2 - 8*t - 8. Let a be f(6). What is the tens digit of 257 - (1/(-1))/((-5)/a)?
6
Let h = -21 - -72. Let l = h + -185. Let o = -81 - l. What is the tens digit of o?
5
Suppose 17 = 5*q - 3*t, -16 = -5*q - 2*t + 6*t. Suppose 264 = -q*b + 7*b. What is the units digit of b?
8
Let b(n) = -5*n**2 + 6*n + 2. Let d be b(6). Let p = -94 - d. What is the tens digit of p?
4
Let t(o) = 54*o - 5. Suppose 11 + 9 = 5*w. What is the tens digit of t(w)?
1
Suppose -k + 8 = 2*m - 58, -12 = 3*m. Let w = 214 - k. What is the hundreds digit of w?
1
Let f(j) = j**3 + j**2 + 3. Let o be f(-3). What is the units digit of 2 + (-490)/o + 2/6?
5
Let t(s) be the third derivative of s**6/720 + s**5/15 + 5*s**4/24 - 3*s**2. Let f(l) be the second derivative of t(l). What is the units digit of f(-4)?
4
Let h be -1*((-20)/5 + 0). Let w(g) = 16*g**2 - 5*g - 3. What is the tens digit of w(h)?
3
Suppose w - 3 = 2*t - 0*t, 2*t - 2 = 0. Suppose 9*i + w*i = 3108. What is the tens digit of i?
2
Suppose 3*w - 9 = -h, 5*h - 5*w - 10 = 15. Suppose -y + 0 = -h. Suppose 0 = -y*g + 8 + 34. What is the units digit of g?
7
Let q(a) = -5*a + 47. Let y be q(9). Suppose y*h + 2 = -4, -u + 74 = h. What is the units digit of u?
7
Let d be ((-1)/(-2))/(16/128). Suppose 3*o = 5*m - 575, d*m + o + 3*o - 460 = 0. What is the tens digit of m?
1
What is the hundreds digit of 498 + 6 - (-1 + 1 - 2)?
5
Let x be ((-8)/(-36))/((-2)/(-18)). Suppose 0 = -x*b - 42 + 214. Let n = b + -38. What is the units digit of n?
8
What is the tens digit of 22986/(-9)*(-6 - (-33)/6)?
7
Let h(t) = -2*t + 1. Suppose -n = 3*n + 4. Let d be h(n). Suppose d*l - 3 = 12. What is the units digit of l?
5
Let p = 693 + -1. What is the tens digit of p?
9
Let u = 11 - -13. Let s be (-7 - -3) + u/2. Suppose 4*i + 100 = s*i. What is the tens digit of i?
2
Suppose 214*i + 1975 = 219*i. What is the tens digit of i?
9
Suppose -7*i + 1381 = -12. What is the tens digit of i?
9
Suppose 6*u - 5*u = 2. Suppose i - 4*d = 23, i + 2*d + 15 = u*i. Suppose 10 - i = o. What is the units digit of o?
3
Suppose 3*c = -15, 2*t + 102 + 17 = -3*c. Let s(r) = 25*r - 9. Let x be s(4). Let h = x + t. What is the tens digit of h?
3
Suppose -41 = -3*t - 2*u + 18, -2*t - 5*u + 54 = 0. Let k = -20 + t. Let g = 13 - k. What is the tens digit of g?
1
Let d(f) = 3*f**3 - 10*f**2 - 45*f - 8. What is the hundreds digit of d(13)?
3
Let q(z) = z**3 + 6*z**2 - z - 4. Let t be q(-6). Let x(o) = -15*o**t + 29*o**2 - o**3 - 20*o**2 + 10*o + 9. What is the units digit of x(-8)?
7
Suppose 5*y - u - 4 = 21, 2*y - 18 = 2*u. What is the units digit of 1/(y/1008*3)?
4
Suppose 0 = m + 39*m - 6440. What is the tens digit of m?
6
Let w = 4 + 5. Let c = 16 - w. Suppose c + 2 = y. What is the units digit of y?
9
Suppose -5*u + 135 = -75. Let l = -23 + u. What is the units digit of l?
9
Let b be (-1 - 2) + 12/2. Suppose -l + b*a = 46, 4 + 8 = 3*a. Let d = 56 + l. What is the units digit of d?
2
Suppose -5*o + 1908 = -4*n - 989, 4*n + 2320 = 4*o. What is the hundreds digit of o?
5
Let q(x) = x**2 + 44. Let o be q(0). Suppose 0 = -2*t - o + 132. What is the units digit of t?
4
Let h = 1758 - -234. What is the units digit of h?
2
Suppose -2*x = 4*t - 406 - 748, 0 = -3*x - t + 1751. What is the tens digit of x?
8
Let u(r) = 3*r - 7. Let 